{"id":176,"date":"2020-06-05T10:23:29","date_gmt":"2020-06-05T07:23:29","guid":{"rendered":"https:\/\/proporo.fi\/poromies\/?post_type=product&#038;p=176"},"modified":"2025-09-15T22:06:35","modified_gmt":"2025-09-15T19:06:35","slug":"porokoiraliivi","status":"publish","type":"product","link":"https:\/\/proporo.fi\/poromies\/tuote\/porokoiraliivi\/","title":{"rendered":"Porokoiraliivi"},"content":{"rendered":"<h1>Porokoira-liivi<\/h1>\n<p>Porokoiraliivej\u00e4 koossa M.<\/p>\n<p>Tuotetiedot: Gabartex neon-oranssi, 65 % polyesteri\u00e4, 35 % puuvillaa, Indanthren\u00ae-v\u00e4rj\u00e4ys (ominaista v\u00e4ri- ja pesunkest\u00e4vyys).Testattu haitallisten aineiden osalta. Kevyeen likaantumiseen suositellaan v\u00e4rillist\u00e4 pesuainetta ilman optista kirkastetta. Pesu 60\u00b0 C.<\/p>\n<p>&nbsp;<\/p>\n<p>Hinta, 22 \u20ac\/kpl + postikulut.<\/p>\n<p>&nbsp;<\/p>\n","protected":false},"excerpt":{"rendered":"<p>Porokoira-liivi Porokoiraliivej\u00e4 koossa M. Tuotetiedot: Gabartex neon-oranssi, 65 % polyesteri\u00e4, 35 % puuvillaa, Indanthren\u00ae-v\u00e4rj\u00e4ys (ominaista v\u00e4ri- ja pesunkest\u00e4vyys).Testattu haitallisten aineiden osalta. Kevyeen likaantumiseen suositellaan v\u00e4rillist\u00e4 pesuainetta ilman optista kirkastetta. Pesu 60\u00b0 C. &nbsp; Hinta, 22 \u20ac\/kpl + postikulut. &nbsp;<\/p>\n","protected":false},"featured_media":1485,"comment_status":"open","ping_status":"closed","template":"","meta":[],"product_brand":[],"product_cat":[15],"product_tag":[],"class_list":{"0":"post-176","1":"product","2":"type-product","3":"status-publish","4":"has-post-thumbnail","6":"product_cat-yleinen","7":"product_shipping_class-aa","9":"first","10":"outofstock","11":"shipping-taxable","12":"purchasable","13":"product-type-variable"},"_links":{"self":[{"href":"https:\/\/proporo.fi\/poromies\/wp-json\/wp\/v2\/product\/176","targetHints":{"allow":["GET"]}}],"collection":[{"href":"https:\/\/proporo.fi\/poromies\/wp-json\/wp\/v2\/product"}],"about":[{"href":"https:\/\/proporo.fi\/poromies\/wp-json\/wp\/v2\/types\/product"}],"replies":[{"embeddable":true,"href":"https:\/\/proporo.fi\/poromies\/wp-json\/wp\/v2\/comments?post=176"}],"wp:featuredmedia":[{"embeddable":true,"href":"https:\/\/proporo.fi\/poromies\/wp-json\/wp\/v2\/media\/1485"}],"wp:attachment":[{"href":"https:\/\/proporo.fi\/poromies\/wp-json\/wp\/v2\/media?parent=176"}],"wp:term":[{"taxonomy":"product_brand","embeddable":true,"href":"https:\/\/proporo.fi\/poromies\/wp-json\/wp\/v2\/product_brand?post=176"},{"taxonomy":"product_cat","embeddable":true,"href":"https:\/\/proporo.fi\/poromies\/wp-json\/wp\/v2\/product_cat?post=176"},{"taxonomy":"product_tag","embeddable":true,"href":"https:\/\/proporo.fi\/poromies\/wp-json\/wp\/v2\/product_tag?post=176"}],"curies":[{"name":"wp","href":"https:\/\/api.w.org\/{rel}","templated":true}]}}