{"id":1763,"date":"2026-04-07T10:16:02","date_gmt":"2026-04-07T07:16:02","guid":{"rendered":"https:\/\/proporo.fi\/poromies\/?post_type=product&#038;p=1763"},"modified":"2026-04-17T16:24:00","modified_gmt":"2026-04-17T13:24:00","slug":"iltatilaisuus_2026","status":"publish","type":"product","link":"https:\/\/proporo.fi\/poromies\/tuote\/iltatilaisuus_2026\/","title":{"rendered":"78. Poroparlamentin iltatilaisuuden liput"},"content":{"rendered":"<h2>78. Poroparlamentin iltatilaisuus 1.6.2026<\/h2>\n<p>Kutsuvierastilaisuus ravintola Valdemarissa klo 19-21 on yksityistilaisuus, johon myyd\u00e4\u00e4n lippuja.<\/p>\n<p>Iltatilaisuuden liput ovat ostettavissa 13.4.\u201317.5.2026.\u00a0 Lipun hinta on 48 euroa sis\u00e4lt\u00e4en ruokailun ja parlamenttitanssit. Lippujen m\u00e4\u00e4r\u00e4 on rajoitettu 400 henkil\u00f6\u00f6n johtuen ravintolan tiloista.<\/p>\n<p>Lataa pdf-lippu puhelimeesi tai tulosta mukaan. Verkkokaupasta saamasi \u2019Kuitti\u2019 on iltatilaisuuden p\u00e4\u00e4sylippu ja kuittisi maksusta. Tarkastamme liput sis\u00e4\u00e4n tullessa. Toimitamme kuitit s\u00e4hk\u00f6postiin erikseen, hieman my\u00f6hemmin tilauksen saapumisen j\u00e4lkeen. Oston j\u00e4lkeen saapuva tilausvahvistus ei ole tilaisuuden p\u00e4\u00e4sylippu.<\/p>\n<p>Yhdell\u00e4 ostokerralla voi ostaa enint\u00e4\u00e4n kaksi lippua. Ostettuja lippuja ei lunasteta takaisin.<\/p>\n<p>Huom. porois\u00e4nt\u00e4! Muista ostaa avecillesi lippu.<\/p>\n","protected":false},"excerpt":{"rendered":"<p>78. Poroparlamentin iltatilaisuus 1.6.2026 Kutsuvierastilaisuus ravintola Valdemarissa klo 19-21 on yksityistilaisuus, johon myyd\u00e4\u00e4n lippuja. Iltatilaisuuden liput ovat ostettavissa 13.4.\u201317.5.2026.\u00a0 Lipun hinta on 48 euroa sis\u00e4lt\u00e4en ruokailun ja parlamenttitanssit. Lippujen m\u00e4\u00e4r\u00e4 on rajoitettu 400 henkil\u00f6\u00f6n johtuen ravintolan tiloista. Lataa pdf-lippu puhelimeesi tai tulosta mukaan. Verkkokaupasta saamasi \u2019Kuitti\u2019 on iltatilaisuuden p\u00e4\u00e4sylippu ja kuittisi maksusta. Tarkastamme liput sis\u00e4\u00e4n [&hellip;]<\/p>\n","protected":false},"featured_media":1768,"comment_status":"open","ping_status":"closed","template":"","meta":[],"product_brand":[],"product_cat":[36],"product_tag":[],"class_list":{"0":"post-1763","1":"product","2":"type-product","3":"status-publish","4":"has-post-thumbnail","6":"product_cat-tilaisuudet","8":"first","9":"instock","10":"virtual","11":"purchasable","12":"product-type-simple"},"_links":{"self":[{"href":"https:\/\/proporo.fi\/poromies\/wp-json\/wp\/v2\/product\/1763","targetHints":{"allow":["GET"]}}],"collection":[{"href":"https:\/\/proporo.fi\/poromies\/wp-json\/wp\/v2\/product"}],"about":[{"href":"https:\/\/proporo.fi\/poromies\/wp-json\/wp\/v2\/types\/product"}],"replies":[{"embeddable":true,"href":"https:\/\/proporo.fi\/poromies\/wp-json\/wp\/v2\/comments?post=1763"}],"wp:featuredmedia":[{"embeddable":true,"href":"https:\/\/proporo.fi\/poromies\/wp-json\/wp\/v2\/media\/1768"}],"wp:attachment":[{"href":"https:\/\/proporo.fi\/poromies\/wp-json\/wp\/v2\/media?parent=1763"}],"wp:term":[{"taxonomy":"product_brand","embeddable":true,"href":"https:\/\/proporo.fi\/poromies\/wp-json\/wp\/v2\/product_brand?post=1763"},{"taxonomy":"product_cat","embeddable":true,"href":"https:\/\/proporo.fi\/poromies\/wp-json\/wp\/v2\/product_cat?post=1763"},{"taxonomy":"product_tag","embeddable":true,"href":"https:\/\/proporo.fi\/poromies\/wp-json\/wp\/v2\/product_tag?post=1763"}],"curies":[{"name":"wp","href":"https:\/\/api.w.org\/{rel}","templated":true}]}}